{"id":39,"date":"2012-11-19T21:30:22","date_gmt":"2012-11-19T21:30:22","guid":{"rendered":"http:\/\/morgensterndental.de\/?page_id=39"},"modified":"2024-01-09T10:09:17","modified_gmt":"2024-01-09T10:09:17","slug":"stellenangebot","status":"publish","type":"page","link":"https:\/\/modenta.de\/?page_id=39","title":{"rendered":"Stellenangebote"},"content":{"rendered":"<h4>Wir suchen zuk\u00fcnftig,<\/h4>\n<h4><strong>Techniker<\/strong>\u00a0(auch F\u00fchrungskr\u00e4fte)<strong>\u00a0und Auszubildende\u00a0<\/strong><\/h4>\n<p>Sollten Sie oder Ihr Interesse an unserem Betrieb haben, so k\u00f6nnten wir Ihnen\/Dir mit Sicherheit ein gutes Angebot machen !<\/p>\n<p>Ein Meister k\u00fcmmern sich um Euch, unser Labor ist auf die neusten zuk\u00fcnftigen Anspr\u00fcche eingestellt, daher w\u00fcrden wir bei Interesse von Ihnen\/Dir, von einer langfristigen Zusammenarbeit mit uns ausgehen. Die Arbeitsbereiche sind oft \u00fcberschneident, so das mehrere Arbeitsbereiche in der Zahntechnik beherrscht werden sollten. Selbstverst\u00e4ndlich w\u00e4re nach Ihrer\/Deiner Ausbildung, eine \u00fcberdurchschnittliche Qualifikation in einem Spezialbereich der Zahntechnik, f\u00fcr uns auch von Nutzen. Ein nettes Team begleitet Sie\/Dich w\u00e4hrend der Eingew\u00f6hnungsphase \ud83d\ude42<\/p>\n<p><a href=\"https:\/\/modenta.de\/wp-content\/uploads\/2012\/11\/modenta-Kopie.jpg\"><img loading=\"lazy\" decoding=\"async\" class=\"alignnone size-full wp-image-76\" title=\"modenta Labor f\u00fcr Zahnersatz Martin Morgenstern\" src=\"https:\/\/modenta.de\/wp-content\/uploads\/2012\/11\/modenta-Kopie.jpg\" alt=\"\" width=\"500\" height=\"333\" srcset=\"https:\/\/modenta.de\/wp-content\/uploads\/2012\/11\/modenta-Kopie.jpg 500w, https:\/\/modenta.de\/wp-content\/uploads\/2012\/11\/modenta-Kopie-300x199.jpg 300w, https:\/\/modenta.de\/wp-content\/uploads\/2012\/11\/modenta-Kopie-450x300.jpg 450w\" sizes=\"auto, (max-width: 500px) 100vw, 500px\" \/><\/a><\/p>\n<p><strong>Evtl. Ihr\/Dein Arbeitsplatz ?<\/strong><\/p>\n<p>Unsere Arbeitspl\u00e4tze befinden sich im idyllisch gelegenen L\u00fcchow, direkt nahe Salzwedel. Das Labor liegt \u00a0direkt in der sch\u00f6nen Fachwerkstadt, in der es Einkaufsstra\u00dfen. Kaffee`s und Gastwirtschaften gibt. Da wo andere ihren Urlaub verbringen, arbeiten wir.<\/p>\n<p>Zahntechnikermeister \u00a0Markus Szenczer<\/p>\n","protected":false},"excerpt":{"rendered":"<p>Wir suchen zuk\u00fcnftig, Techniker\u00a0(auch F\u00fchrungskr\u00e4fte)\u00a0und Auszubildende\u00a0 Sollten Sie oder Ihr Interesse an unserem Betrieb haben, so k\u00f6nnten wir Ihnen\/Dir mit Sicherheit ein gutes Angebot machen ! Ein Meister k\u00fcmmern sich um Euch, unser Labor ist auf die neusten zuk\u00fcnftigen Anspr\u00fcche eingestellt, daher w\u00fcrden wir bei Interesse von Ihnen\/Dir, von einer langfristigen Zusammenarbeit mit uns ausgehen. [&hellip;]<\/p>\n","protected":false},"author":1,"featured_media":0,"parent":0,"menu_order":0,"comment_status":"closed","ping_status":"closed","template":"","meta":{"footnotes":""},"class_list":["post-39","page","type-page","status-publish","hentry"],"_links":{"self":[{"href":"https:\/\/modenta.de\/index.php?rest_route=\/wp\/v2\/pages\/39","targetHints":{"allow":["GET"]}}],"collection":[{"href":"https:\/\/modenta.de\/index.php?rest_route=\/wp\/v2\/pages"}],"about":[{"href":"https:\/\/modenta.de\/index.php?rest_route=\/wp\/v2\/types\/page"}],"author":[{"embeddable":true,"href":"https:\/\/modenta.de\/index.php?rest_route=\/wp\/v2\/users\/1"}],"replies":[{"embeddable":true,"href":"https:\/\/modenta.de\/index.php?rest_route=%2Fwp%2Fv2%2Fcomments&post=39"}],"version-history":[{"count":14,"href":"https:\/\/modenta.de\/index.php?rest_route=\/wp\/v2\/pages\/39\/revisions"}],"predecessor-version":[{"id":275,"href":"https:\/\/modenta.de\/index.php?rest_route=\/wp\/v2\/pages\/39\/revisions\/275"}],"wp:attachment":[{"href":"https:\/\/modenta.de\/index.php?rest_route=%2Fwp%2Fv2%2Fmedia&parent=39"}],"curies":[{"name":"wp","href":"https:\/\/api.w.org\/{rel}","templated":true}]}}